{"id":110,"date":"2017-04-24T09:50:11","date_gmt":"2017-04-24T09:50:11","guid":{"rendered":"https:\/\/pd-libelle.de\/?page_id=110"},"modified":"2025-10-26T18:38:38","modified_gmt":"2025-10-26T18:38:38","slug":"services-page","status":"publish","type":"page","link":"https:\/\/pd-libelle.de\/?page_id=110","title":{"rendered":"Leistungen"},"content":{"rendered":"<div class=\"wpb-content-wrapper\"><p>[vc_row][vc_column][vc_empty_space alter_height=&#8220;huge&#8220; hide_on_mobile=&#8220;&#8220; css=&#8220;.vc_custom_1497951687920{margin-top: 0.5rem !important;}&#8220;]<div id=\"sc_title_492538913\"\r\n\t\tclass=\"sc_title color_style_default sc_title_default\"><h3 class=\"sc_item_title sc_title_title sc_align_center sc_item_title_style_default\">Unsere Leistungen im \u00dcberblick<\/h3><div class=\"sc_item_descr sc_title_descr sc_align_center\"><p>Ihr Wohlbefinden steht im Mittelpunkt<\/p>\n<p>Der Pflegedienst Libelle bietet Ihnen eine umfassende und zuverl\u00e4ssige Versorgung in allen Bereichen der h\u00e4uslichen Pflege. Unser Ziel ist es, Sie bestm\u00f6glich im Alltag zu unterst\u00fctzen \u2013 individuell, professionell und mit Herz. Dabei steht Ihre Selbstst\u00e4ndigkeit und Lebensqualit\u00e4t immer im Vordergrund.<\/p>\n<p>Wir passen unsere Leistungen an Ihre pers\u00f6nlichen Bed\u00fcrfnisse und W\u00fcnsche an. So entsteht eine Pflege, die zu Ihnen und Ihrem Leben passt.<\/p>\n<p>Unser Leistungsangebot im \u00dcberblick<\/p>\n<p>K\u00f6rperpflege \u2013 Unterst\u00fctzung bei der t\u00e4glichen Hygiene, Ankleiden, Rasur und Inkontinenzversorgung<\/p>\n<p>Behandlungspflege \u2013 Medizinische Leistungen nach \u00e4rztlicher Verordnung (z. B. Medikamentengabe, Verbandswechsel, Injektionen)<\/p>\n<p>Hauswirtschaftliche Versorgung \u2013 Reinigung, W\u00e4schepflege, Eink\u00e4ufe und Unterst\u00fctzung im Haushalt<\/p>\n<p>Gesellschaft und Freizeitgestaltung \u2013 Gemeinsame Gespr\u00e4che, Vorlesen, Spiele, Spazierg\u00e4nge und soziale Betreuung<\/p>\n<p>Fahr- und Begleitdienste \u2013 Begleitung zu Arztterminen, Eink\u00e4ufen und privaten Anl\u00e4ssen<\/p>\n<p>Medikation \u2013 Stellen, Verabreichen und \u00dcberwachung von Medikamenten nach \u00e4rztlicher Verordnung<\/p>\n<p>24-Stunden-Bereitschaft \u2013 Rund um die Uhr erreichbar f\u00fcr Notf\u00e4lle und dringende Anliegen<\/p>\n<p>Unsere qualifizierten Mitarbeiterinnen und Mitarbeiter arbeiten mit Fachkompetenz, Einf\u00fchlungsverm\u00f6gen und Respekt.<br \/>\nWir stehen Ihnen als verl\u00e4sslicher Partner zur Seite \u2013 damit Sie sich zu Hause sicher, unterst\u00fctzt und gut versorgt f\u00fchlen.<\/p>\n<\/div><\/div><!-- \/.sc_title -->[vc_empty_space alter_height=&#8220;medium&#8220; hide_on_mobile=&#8220;&#8220;]<div id=\"sc_services_789156685\" class=\"sc_services color_style_default sc_services_default sc_services_featured_left\"><div class=\"sc_services_columns sc_item_columns sc_item_columns_3 trx_addons_columns_wrap columns_padding_bottom\"><div class=\"trx_addons_column-1_3\"><div class=\"sc_services_item with_content with_icon sc_services_item_featured_left\">\r\n\t<a href=\"https:\/\/pd-libelle.de\/?cpt_services=personal-care-and-assistance\"\r\n\t\t\t id=\"sc_services_789156685_icon-7\"\r\n\t\t\t class=\"sc_services_item_icon icon-7\"\r\n\t\t\t ><\/a>\t\r\n\t<div class=\"sc_services_item_info\">\r\n\t\t<div class=\"sc_services_item_header\">\r\n\t\t\t<h4 class=\"sc_services_item_title\"><a href=\"https:\/\/pd-libelle.de\/?cpt_services=personal-care-and-assistance\">K\u00f6rperpflege<\/a><\/h4>\r\n\t\t\t<div class=\"sc_services_item_subtitle\"><a href=\"https:\/\/pd-libelle.de\/?cpt_services_group=main-services\" title=\"View all posts in Main Services\">Main Services<\/a><\/div>\r\n\t\t<\/div>\r\n\t\t\t\t\t<div class=\"sc_services_item_content\"><p>Hilfe beim Waschen, Duschen oder Baden<br \/>\nUnterst\u00fctzung bei der Mund-, Haar- und Nagelpflege und vieles mehr ..<\/p>\n<\/div>\r\n\t\t\t<div class=\"sc_services_item_button sc_item_button\"><a href=\"https:\/\/pd-libelle.de\/?cpt_services=personal-care-and-assistance\" class=\"sc_button sc_button_simple\">Mehr erfahren<\/a><\/div>\r\n\t\t\t<\/div>\r\n<\/div>\r\n<\/div><div class=\"trx_addons_column-1_3\"><div class=\"sc_services_item with_content with_icon sc_services_item_featured_left\">\r\n\t<a href=\"https:\/\/pd-libelle.de\/?cpt_services=meal-preparation-and-diet-planning\"\r\n\t\t\t id=\"sc_services_789156685_icon-2\"\r\n\t\t\t class=\"sc_services_item_icon icon-2\"\r\n\t\t\t ><\/a>\t\r\n\t<div class=\"sc_services_item_info\">\r\n\t\t<div class=\"sc_services_item_header\">\r\n\t\t\t<h4 class=\"sc_services_item_title\"><a href=\"https:\/\/pd-libelle.de\/?cpt_services=meal-preparation-and-diet-planning\">Remobilisierung im Alter<\/a><\/h4>\r\n\t\t\t<div class=\"sc_services_item_subtitle\"><a href=\"https:\/\/pd-libelle.de\/?cpt_services_group=main-services\" title=\"View all posts in Main Services\">Main Services<\/a><\/div>\r\n\t\t<\/div>\r\n\t\t\t\t\t<div class=\"sc_services_item_content\"><p>Gemeinsam wieder in Bewegung kommen<\/p>\n<\/div>\r\n\t\t\t<div class=\"sc_services_item_button sc_item_button\"><a href=\"https:\/\/pd-libelle.de\/?cpt_services=meal-preparation-and-diet-planning\" class=\"sc_button sc_button_simple\">Mehr erfahren<\/a><\/div>\r\n\t\t\t<\/div>\r\n<\/div>\r\n<\/div><div class=\"trx_addons_column-1_3\"><div class=\"sc_services_item with_content with_icon sc_services_item_featured_left\">\r\n\t<a href=\"https:\/\/pd-libelle.de\/?cpt_services=professional-medication-management\"\r\n\t\t\t id=\"sc_services_789156685_icon-9\"\r\n\t\t\t class=\"sc_services_item_icon icon-9\"\r\n\t\t\t ><\/a>\t\r\n\t<div class=\"sc_services_item_info\">\r\n\t\t<div class=\"sc_services_item_header\">\r\n\t\t\t<h4 class=\"sc_services_item_title\"><a href=\"https:\/\/pd-libelle.de\/?cpt_services=professional-medication-management\">Medikation<\/a><\/h4>\r\n\t\t\t<div class=\"sc_services_item_subtitle\"><a href=\"https:\/\/pd-libelle.de\/?cpt_services_group=main-services\" title=\"View all posts in Main Services\">Main Services<\/a><\/div>\r\n\t\t<\/div>\r\n\t\t\t\t\t<div class=\"sc_services_item_content\"><p>Medikamente stellen, Medikamente verabreichen und vieles mehr..<\/p>\n<\/div>\r\n\t\t\t<div class=\"sc_services_item_button sc_item_button\"><a href=\"https:\/\/pd-libelle.de\/?cpt_services=professional-medication-management\" class=\"sc_button sc_button_simple\">Mehr erfahren<\/a><\/div>\r\n\t\t\t<\/div>\r\n<\/div>\r\n<\/div><div class=\"trx_addons_column-1_3\"><div class=\"sc_services_item with_content with_icon sc_services_item_featured_left\">\r\n\t<a href=\"https:\/\/pd-libelle.de\/?cpt_services=transportation-and-errands\"\r\n\t\t\t id=\"sc_services_789156685_icon-11\"\r\n\t\t\t class=\"sc_services_item_icon icon-11\"\r\n\t\t\t ><\/a>\t\r\n\t<div class=\"sc_services_item_info\">\r\n\t\t<div class=\"sc_services_item_header\">\r\n\t\t\t<h4 class=\"sc_services_item_title\"><a href=\"https:\/\/pd-libelle.de\/?cpt_services=transportation-and-errands\">Fahr- und Begleitdienste<\/a><\/h4>\r\n\t\t\t<div class=\"sc_services_item_subtitle\"><a href=\"https:\/\/pd-libelle.de\/?cpt_services_group=main-services\" title=\"View all posts in Main Services\">Main Services<\/a><\/div>\r\n\t\t<\/div>\r\n\t\t\t\t\t<div class=\"sc_services_item_content\"><p>Mobil und gut begleitet im Alltag<\/p>\n<\/div>\r\n\t\t\t<div class=\"sc_services_item_button sc_item_button\"><a href=\"https:\/\/pd-libelle.de\/?cpt_services=transportation-and-errands\" class=\"sc_button sc_button_simple\">Mehr erfahren<\/a><\/div>\r\n\t\t\t<\/div>\r\n<\/div>\r\n<\/div><div class=\"trx_addons_column-1_3\"><div class=\"sc_services_item with_content with_icon sc_services_item_featured_left\">\r\n\t<a href=\"https:\/\/pd-libelle.de\/?cpt_services=companionship-and-recreation\"\r\n\t\t\t id=\"sc_services_789156685_icon-12\"\r\n\t\t\t class=\"sc_services_item_icon icon-12\"\r\n\t\t\t ><\/a>\t\r\n\t<div class=\"sc_services_item_info\">\r\n\t\t<div class=\"sc_services_item_header\">\r\n\t\t\t<h4 class=\"sc_services_item_title\"><a href=\"https:\/\/pd-libelle.de\/?cpt_services=companionship-and-recreation\">Gesellschaft und Freizeitgestaltung<\/a><\/h4>\r\n\t\t\t<div class=\"sc_services_item_subtitle\"><a href=\"https:\/\/pd-libelle.de\/?cpt_services_group=main-services\" title=\"View all posts in Main Services\">Main Services<\/a><\/div>\r\n\t\t<\/div>\r\n\t\t\t\t\t<div class=\"sc_services_item_content\"><p>F\u00fcr mehr Lebensfreude im Alltag<\/p>\n<\/div>\r\n\t\t\t<div class=\"sc_services_item_button sc_item_button\"><a href=\"https:\/\/pd-libelle.de\/?cpt_services=companionship-and-recreation\" class=\"sc_button sc_button_simple\">Mehr erfahren<\/a><\/div>\r\n\t\t\t<\/div>\r\n<\/div>\r\n<\/div><div class=\"trx_addons_column-1_3\"><div class=\"sc_services_item with_content with_icon sc_services_item_featured_left\">\r\n\t<a href=\"https:\/\/pd-libelle.de\/?cpt_services=hauswirtschaftliche-versorgung\"\r\n\t\t\t id=\"sc_services_789156685_icon-13\"\r\n\t\t\t class=\"sc_services_item_icon icon-13\"\r\n\t\t\t ><\/a>\t\r\n\t<div class=\"sc_services_item_info\">\r\n\t\t<div class=\"sc_services_item_header\">\r\n\t\t\t<h4 class=\"sc_services_item_title\"><a href=\"https:\/\/pd-libelle.de\/?cpt_services=hauswirtschaftliche-versorgung\">Hauswirtschaftliche Versorgung<\/a><\/h4>\r\n\t\t\t<div class=\"sc_services_item_subtitle\"><a href=\"https:\/\/pd-libelle.de\/?cpt_services_group=main-services\" title=\"View all posts in Main Services\">Main Services<\/a><\/div>\r\n\t\t<\/div>\r\n\t\t\t\t\t<div class=\"sc_services_item_content\"><p>Hausreinigung, W\u00e4sche waschen, Bettw\u00e4sche wechseln und vieles mehr ..<\/p>\n<\/div>\r\n\t\t\t<div class=\"sc_services_item_button sc_item_button\"><a href=\"https:\/\/pd-libelle.de\/?cpt_services=hauswirtschaftliche-versorgung\" class=\"sc_button sc_button_simple\">Mehr erfahren<\/a><\/div>\r\n\t\t\t<\/div>\r\n<\/div>\r\n<\/div><\/div><\/div><!-- \/.sc_services -->[vc_empty_space alter_height=&#8220;medium&#8220; hide_on_mobile=&#8220;&#8220; css=&#8220;.vc_custom_1497955877017{margin-bottom: 0.6rem !important;}&#8220;][\/vc_column][\/vc_row][vc_row full_width=&#8220;stretch_row&#8220; css=&#8220;.vc_custom_1493293422603{background-color: #f5efec !important;}&#8220;][vc_column icons_position=&#8220;left&#8220;][vc_empty_space alter_height=&#8220;huge&#8220; hide_on_mobile=&#8220;&#8220;]<div id=\"sc_services_1419476756\" class=\"sc_services color_style_default sc_services_hover sc_services_featured_top\"><h3 class=\"sc_item_title sc_services_title sc_align_center sc_item_title_style_default\">Wieso Pflegedienst Libelle<\/h3><div class=\"sc_services_columns sc_item_columns sc_item_columns_3 trx_addons_columns_wrap columns_padding_bottom\"><div class=\"trx_addons_column-1_3 \"><div class=\"sc_services_item with_content with_image\">\n\t<div class=\"sc_services_item_header \" style=\"background-image: url(https:\/\/pd-libelle.de\/wp-content\/uploads\/2017\/04\/61d8a9f0-9c49-451b-b485-5dedc7f14135.png);\">\n\t\t<div class=\"sc_services_item_header_inner\">\n\t\t\t\t\t\t<h4 class=\"sc_services_item_title\"><a href=\"https:\/\/pd-libelle.de\/?cpt_services=bewegung-ist-leben\">Bewegung ist Leben.<\/a><\/h4>\n\t\t<\/div>\n\t\t<a class=\"sc_services_item_link\" href=\"https:\/\/pd-libelle.de\/?cpt_services=bewegung-ist-leben\"><\/a>\n\t<\/div>\n\t\t\t<div class=\"sc_services_item_content\" style=\"background-image: url(https:\/\/pd-libelle.de\/wp-content\/uploads\/2017\/04\/61d8a9f0-9c49-451b-b485-5dedc7f14135.png);\">\n\t\t\t<div class=\"sc_services_item_content_inner\">\n\t\t\t\t<h5 class=\"sc_services_item_title\"><a href=\"https:\/\/pd-libelle.de\/?cpt_services=bewegung-ist-leben\">Bewegung ist Leben.<\/a><\/h5>\n\t\t\t\t<div class=\"sc_services_item_text\"><p>Bewegung ist Leben \u2013 jeder Schritt, jede kleine Aktivit\u00e4t st\u00e4rkt K\u00f6rper, Geist und Seele. Gemeinsam bleiben wir in Bewegung, um Lebensfreude zu bewahren.<\/p>\n<\/div>\n\t\t\t<\/div>\n\t\t\t<a class=\"sc_services_item_link\" href=\"https:\/\/pd-libelle.de\/?cpt_services=bewegung-ist-leben\"><\/a>\n\t\t<\/div>\n\t<\/div>\n<\/div><div class=\"trx_addons_column-1_3 \"><div class=\"sc_services_item with_content with_image\">\n\t<div class=\"sc_services_item_header \" style=\"background-image: url(https:\/\/pd-libelle.de\/wp-content\/uploads\/2017\/04\/278bbbb2-0368-42fd-8de6-fa5f4cb570dd.png);\">\n\t\t<div class=\"sc_services_item_header_inner\">\n\t\t\t\t\t\t<h4 class=\"sc_services_item_title\"><a href=\"https:\/\/pd-libelle.de\/?cpt_services=247-availability\">24\/7 Erreichbar<\/a><\/h4>\n\t\t<\/div>\n\t\t<a class=\"sc_services_item_link\" href=\"https:\/\/pd-libelle.de\/?cpt_services=247-availability\"><\/a>\n\t<\/div>\n\t\t\t<div class=\"sc_services_item_content\" style=\"background-image: url(https:\/\/pd-libelle.de\/wp-content\/uploads\/2017\/04\/278bbbb2-0368-42fd-8de6-fa5f4cb570dd.png);\">\n\t\t\t<div class=\"sc_services_item_content_inner\">\n\t\t\t\t<h5 class=\"sc_services_item_title\"><a href=\"https:\/\/pd-libelle.de\/?cpt_services=247-availability\">24\/7 Erreichbar<\/a><\/h5>\n\t\t\t\t<div class=\"sc_services_item_text\"><p>Unser Team ist 24 Stunden t\u00e4glich f\u00fcr sie erreichbar.<\/p>\n<\/div>\n\t\t\t<\/div>\n\t\t\t<a class=\"sc_services_item_link\" href=\"https:\/\/pd-libelle.de\/?cpt_services=247-availability\"><\/a>\n\t\t<\/div>\n\t<\/div>\n<\/div><div class=\"trx_addons_column-1_3 \"><div class=\"sc_services_item with_content with_image\">\n\t<div class=\"sc_services_item_header \" style=\"background-image: url(https:\/\/pd-libelle.de\/wp-content\/uploads\/2017\/04\/f43216b9-04e5-455d-9de3-c55d5f067a65.png);\">\n\t\t<div class=\"sc_services_item_header_inner\">\n\t\t\t\t\t\t<h4 class=\"sc_services_item_title\"><a href=\"https:\/\/pd-libelle.de\/?cpt_services=free-in-home-assessment\">Serviceleistungen<\/a><\/h4>\n\t\t<\/div>\n\t\t<a class=\"sc_services_item_link\" href=\"https:\/\/pd-libelle.de\/?cpt_services=free-in-home-assessment\"><\/a>\n\t<\/div>\n\t\t\t<div class=\"sc_services_item_content\" style=\"background-image: url(https:\/\/pd-libelle.de\/wp-content\/uploads\/2017\/04\/f43216b9-04e5-455d-9de3-c55d5f067a65.png);\">\n\t\t\t<div class=\"sc_services_item_content_inner\">\n\t\t\t\t<h5 class=\"sc_services_item_title\"><a href=\"https:\/\/pd-libelle.de\/?cpt_services=free-in-home-assessment\">Serviceleistungen<\/a><\/h5>\n\t\t\t\t<div class=\"sc_services_item_text\"><p>Zusatzleistungen au\u00dferhalb der Krankenkassenabrechnung k\u00f6nnen auf Wunsch individuell und transparent berechnet werden.<\/p>\n<\/div>\n\t\t\t<\/div>\n\t\t\t<a class=\"sc_services_item_link\" href=\"https:\/\/pd-libelle.de\/?cpt_services=free-in-home-assessment\"><\/a>\n\t\t<\/div>\n\t<\/div>\n<\/div><div class=\"trx_addons_column-1_3 \"><div class=\"sc_services_item with_content with_image\">\n\t<div class=\"sc_services_item_header \" style=\"background-image: url(https:\/\/pd-libelle.de\/wp-content\/uploads\/2017\/04\/AEA864BA-B796-42A4-9F4A-14CB3164084F.png);\">\n\t\t<div class=\"sc_services_item_header_inner\">\n\t\t\t\t\t\t<h4 class=\"sc_services_item_title\"><a href=\"https:\/\/pd-libelle.de\/?cpt_services=employee-model-agency\">Gemeinsam stark \u2013 Vielfalt, die verbindet<\/a><\/h4>\n\t\t<\/div>\n\t\t<a class=\"sc_services_item_link\" href=\"https:\/\/pd-libelle.de\/?cpt_services=employee-model-agency\"><\/a>\n\t<\/div>\n\t\t\t<div class=\"sc_services_item_content\" style=\"background-image: url(https:\/\/pd-libelle.de\/wp-content\/uploads\/2017\/04\/AEA864BA-B796-42A4-9F4A-14CB3164084F.png);\">\n\t\t\t<div class=\"sc_services_item_content_inner\">\n\t\t\t\t<h5 class=\"sc_services_item_title\"><a href=\"https:\/\/pd-libelle.de\/?cpt_services=employee-model-agency\">Gemeinsam stark \u2013 Vielfalt, die verbindet<\/a><\/h5>\n\t\t\t\t<div class=\"sc_services_item_text\"><p>Ein Team, viele Sprachen \u2013 aber ein gemeinsames Ziel: beste Pflege mit Herz und Verstand.<\/p>\n<\/div>\n\t\t\t<\/div>\n\t\t\t<a class=\"sc_services_item_link\" href=\"https:\/\/pd-libelle.de\/?cpt_services=employee-model-agency\"><\/a>\n\t\t<\/div>\n\t<\/div>\n<\/div><div class=\"trx_addons_column-1_3 \"><div class=\"sc_services_item with_content with_image\">\n\t<div class=\"sc_services_item_header \" style=\"background-image: url(https:\/\/pd-libelle.de\/wp-content\/uploads\/2017\/04\/34444d2a-6d4b-4fed-9f7d-0f8fde37307c-e1761481713770.png);\">\n\t\t<div class=\"sc_services_item_header_inner\">\n\t\t\t\t\t\t<h4 class=\"sc_services_item_title\"><a href=\"https:\/\/pd-libelle.de\/?cpt_services=comfort-match-guarantee\">Erfahrung in der palliativen Versorgung<\/a><\/h4>\n\t\t<\/div>\n\t\t<a class=\"sc_services_item_link\" href=\"https:\/\/pd-libelle.de\/?cpt_services=comfort-match-guarantee\"><\/a>\n\t<\/div>\n\t\t\t<div class=\"sc_services_item_content\" style=\"background-image: url(https:\/\/pd-libelle.de\/wp-content\/uploads\/2017\/04\/34444d2a-6d4b-4fed-9f7d-0f8fde37307c-e1761481713770.png);\">\n\t\t\t<div class=\"sc_services_item_content_inner\">\n\t\t\t\t<h5 class=\"sc_services_item_title\"><a href=\"https:\/\/pd-libelle.de\/?cpt_services=comfort-match-guarantee\">Erfahrung in der palliativen Versorgung<\/a><\/h5>\n\t\t\t\t<div class=\"sc_services_item_text\"><p>Leben in W\u00fcrde, Vertrauen und N\u00e4he.<br \/>\nGemeinsam an Ihrer Seite \u2013 mit Herz, W\u00fcrde und Menschlichkeit bis zum Schluss.<\/p>\n<\/div>\n\t\t\t<\/div>\n\t\t\t<a class=\"sc_services_item_link\" href=\"https:\/\/pd-libelle.de\/?cpt_services=comfort-match-guarantee\"><\/a>\n\t\t<\/div>\n\t<\/div>\n<\/div><div class=\"trx_addons_column-1_3 \"><div class=\"sc_services_item with_content with_image\">\n\t<div class=\"sc_services_item_header \" style=\"background-image: url(https:\/\/pd-libelle.de\/wp-content\/uploads\/2017\/04\/77E91B2A-FFFC-480A-902C-7E7C4B876B7A.png);\">\n\t\t<div class=\"sc_services_item_header_inner\">\n\t\t\t\t\t\t<h4 class=\"sc_services_item_title\"><a href=\"https:\/\/pd-libelle.de\/?cpt_services=bonded-and-qualified-caregivers\">Individuelle Betreuung mit Herz<\/a><\/h4>\n\t\t<\/div>\n\t\t<a class=\"sc_services_item_link\" href=\"https:\/\/pd-libelle.de\/?cpt_services=bonded-and-qualified-caregivers\"><\/a>\n\t<\/div>\n\t\t\t<div class=\"sc_services_item_content\" style=\"background-image: url(https:\/\/pd-libelle.de\/wp-content\/uploads\/2017\/04\/77E91B2A-FFFC-480A-902C-7E7C4B876B7A.png);\">\n\t\t\t<div class=\"sc_services_item_content_inner\">\n\t\t\t\t<h5 class=\"sc_services_item_title\"><a href=\"https:\/\/pd-libelle.de\/?cpt_services=bonded-and-qualified-caregivers\">Individuelle Betreuung mit Herz<\/a><\/h5>\n\t\t\t\t<div class=\"sc_services_item_text\"><p>Weil jeder Mensch einzigartig ist.<\/p>\n<\/div>\n\t\t\t<\/div>\n\t\t\t<a class=\"sc_services_item_link\" href=\"https:\/\/pd-libelle.de\/?cpt_services=bonded-and-qualified-caregivers\"><\/a>\n\t\t<\/div>\n\t<\/div>\n<\/div><\/div><\/div><!-- \/.sc_services -->[vc_empty_space alter_height=&#8220;large&#8220; hide_on_mobile=&#8220;&#8220;][\/vc_column][\/vc_row]<\/p>\n<\/div>","protected":false},"excerpt":{"rendered":"<p>[vc_row][vc_column][vc_empty_space alter_height=&#8220;huge&#8220; hide_on_mobile=&#8220;&#8220; css=&#8220;.vc_custom_1497951687920{margin-top: 0.5rem !important;}&#8220;][vc_empty_space alter_height=&#8220;medium&#8220; hide_on_mobile=&#8220;&#8220;][vc_empty_space alter_height=&#8220;medium&#8220; hide_on_mobile=&#8220;&#8220; css=&#8220;.vc_custom_1497955877017{margin-bottom: 0.6rem !important;}&#8220;][\/vc_column][\/vc_row][vc_row full_width=&#8220;stretch_row&#8220; css=&#8220;.vc_custom_1493293422603{background-color: #f5efec !important;}&#8220;][vc_column icons_position=&#8220;left&#8220;][vc_empty_space alter_height=&#8220;huge&#8220; hide_on_mobile=&#8220;&#8220;][vc_empty_space alter_height=&#8220;large&#8220; hide_on_mobile=&#8220;&#8220;][\/vc_column][\/vc_row]<\/p>\n","protected":false},"author":1,"featured_media":0,"parent":0,"menu_order":0,"comment_status":"closed","ping_status":"closed","template":"","meta":{"pagelayer_contact_templates":[],"_pagelayer_content":"","footnotes":""},"class_list":["post-110","page","type-page","status-publish","hentry"],"_links":{"self":[{"href":"https:\/\/pd-libelle.de\/index.php?rest_route=\/wp\/v2\/pages\/110","targetHints":{"allow":["GET"]}}],"collection":[{"href":"https:\/\/pd-libelle.de\/index.php?rest_route=\/wp\/v2\/pages"}],"about":[{"href":"https:\/\/pd-libelle.de\/index.php?rest_route=\/wp\/v2\/types\/page"}],"author":[{"embeddable":true,"href":"https:\/\/pd-libelle.de\/index.php?rest_route=\/wp\/v2\/users\/1"}],"replies":[{"embeddable":true,"href":"https:\/\/pd-libelle.de\/index.php?rest_route=%2Fwp%2Fv2%2Fcomments&post=110"}],"version-history":[{"count":7,"href":"https:\/\/pd-libelle.de\/index.php?rest_route=\/wp\/v2\/pages\/110\/revisions"}],"predecessor-version":[{"id":1166,"href":"https:\/\/pd-libelle.de\/index.php?rest_route=\/wp\/v2\/pages\/110\/revisions\/1166"}],"wp:attachment":[{"href":"https:\/\/pd-libelle.de\/index.php?rest_route=%2Fwp%2Fv2%2Fmedia&parent=110"}],"curies":[{"name":"wp","href":"https:\/\/api.w.org\/{rel}","templated":true}]}}